f 3476043272?
2, 13, 2281, 14653
What are the prime factors of 27960789?
3, 37, 109, 2311
List the prime factors of 724331936.
2, 1493, 15161
List the prime factors of 277750741.
157, 1769113
What are the prime factors of 928513413?
3, 19, 53, 102451
What are the prime factors of 817039851?
3, 272346617
List the prime factors of 361414309.
193, 661, 2833
List the prime factors of 3932294.
2, 823, 2389
List the prime factors of 66389640.
2, 3, 5, 727, 761
What are the prime factors of 378234904?
2, 17, 2781139
List the prime factors of 37153579.
23, 157, 10289
List the prime factors of 3156429.
3, 113, 9311
What are the prime factors of 244174755?
3, 5, 11, 31, 47737
What are the prime factors of 511044891?
3, 7, 157, 155003
List the prime factors of 619073083.
23, 26916221
What are the prime factors of 301761827?
301761827
List the prime factors of 61055276.
2, 1613, 9463
List the prime factors of 70587839.
7, 10083977
What are the prime factors of 39267430?
2, 5, 73, 53791
List the prime factors of 2921696559.
3, 197, 877, 1879
List the prime factors of 6837560080.
2, 5, 13, 6574577
What are the prime factors of 146925089?
31, 271, 17489
What are the prime factors of 23812352?
2, 191, 487
List the prime factors of 2838223867.
73, 38879779
What are the prime factors of 3364257768?
2, 3, 2467, 56821
List the prime factors of 3621783.
3, 11, 109751
What are the prime factors of 3152304954?
2, 3, 5531, 31663
List the prime factors of 225627442.
2, 112813721
What are the prime factors of 15643161?
3, 1738129
What are the prime factors of 266092145?
5, 11, 47, 79, 1303
What are the prime factors of 24489167?
101, 242467
What are the prime factors of 55744878?
2, 3, 7, 191, 6949
List the prime factors of 71969233.
7, 1297, 7927
What are the prime factors of 39095428?
2, 43, 227299
List the prime factors of 331244575.
5, 17, 19, 127
List the prime factors of 75211122.
2, 3, 7, 167, 10723
List the prime factors of 310464061.
310464061
List the prime factors of 264852798.
2, 3, 7, 461, 13679
List the prime factors of 108682497.
3, 7, 11, 31, 5059
What are the prime factors of 1019846503?
13, 37, 2120263
What are the prime factors of 2174822518?
2, 11, 98855569
What are the prime factors of 28688989?
7, 4098427
What are the prime factors of 159690826?
2, 17, 4696789
List the prime factors of 1925913520.
2, 5, 733, 32843
List the prime factors of 758670012.
2, 3, 4133, 5099
What are the prime factors of 92504174?
2, 7, 17, 388673
List the prime factors of 166205069.
163, 1019663
List the prime factors of 1502508419.
23, 65326453
List the prime factors of 436097050.
2, 5, 8721941
List the prime factors of 1118940598.
2, 31, 601, 30029
List the prime factors of 10508859.
3, 137, 947
List the prime factors of 1270843208.
2, 109, 1457389
List the prime factors of 284733634.
2, 107, 181, 7351
What are the prime factors of 542872361?
542872361
What are the prime factors of 172313342?
2, 86156671
List the prime factors of 509672953.
31, 67, 245389
What are the prime factors of 39173649?
3, 19, 181, 3797
List the prime factors of 1452710829.
3, 484236943
List the prime factors of 136806589.
136806589
What are the prime factors of 2011971555?
3, 5, 11, 451621
What are the prime factors of 168244671?
3, 7, 8011651
List the prime factors of 509913598.
2, 254956799
What are the prime factors of 962561555?
5, 71, 97, 27953
List the prime factors of 2568778131.
3, 19, 45066283
List the prime factors of 631552855.
5, 126310571
What are the prime factors of 5772059015?
5, 37, 163, 191413
List the prime factors of 839426377.
23, 199, 241, 761
What are the prime factors of 76689156?
2, 3, 6390763
What are the prime factors of 5032684?
2, 1258171
List the prime factors of 3038831260.
2, 5, 17, 1031, 8669
What are the prime factors of 12130677?
3, 13, 103681
List the prime factors of 54705963.
3, 13, 97, 14461
What are the prime factors of 7608030291?
3, 43, 19658993
What are the prime factors of 74888074?
2, 37, 97, 10433
What are the prime factors of 3013876596?
2, 3, 19, 109, 173, 701
What are the prime factors of 699498784?
2, 21859337
List the prime factors of 60386710.
2, 5, 6038671
List the prime factors of 541242410.
2, 5, 2687, 20143
List the prime factors of 237193957.
7, 11, 13, 33851
What are the prime factors of 538832157?
3, 67, 937, 2861
List the prime factors of 6636188077.
47, 1697, 83203
What are the prime factors of 48397107?
3, 11, 31, 47309
What are the prime factors of 485466473?
19, 97, 263411
What are the prime factors of 145066686?
2, 3, 24177781
What are the prime factors of 39396908?
2, 31, 317717
List the prime factors of 481933689.
3, 19, 1451, 5827
List the prime factors of 107140097.
157, 682421
List the prime factors of 16865761.
11, 43, 181, 197
List the prime factors of 369238715.
5, 73847743
List the prime factors of 85785624.
2, 3, 307, 3881
List the prime factors of 57144344.
2, 17, 137, 3067
What are the prime factors of 4597419157?
17, 270436421
What are the prime factors of 95830180?
2, 5, 47, 97, 1051
What are the prime factors of 123379371?
3, 47, 291677
What are the prime factors of 59834219?
197, 303727
What are the prime factors of 64064495?
5, 11, 173, 6733
List the prime factors of 96120505.
5, 13, 1478777
What are the prime factors of 547488568?
2, 11, 491, 12671
What are the prime factors of 3915803928?
2, 3, 71, 2298007
List the prime factors of 2692484224.
2, 19, 1107107
What are the prime factors of 190091044?
2, 11, 13, 23, 14449
List the prime factors of 852634008.
2, 3, 11842139
What are the prime factors of 86147668?
2, 21536917
What are the prime factors of 3443631387?
3, 7, 421, 389507
What are the prime factors of 1475534169?
3, 163948241
What are the prime factors of 119089066?
2, 59544533
List the prime factors of 274919254.
2, 5569, 24683
What are the prime factors of 1459518017?
17, 67, 211, 6073
List the prime factors of 138157266.
2, 3, 13, 17, 31, 3361
List the prime factors of 92239594.
2, 37, 1246481
List the prime factors of 265490208.
2, 3, 921841
List the prime factors of 1233399578.
2, 616699789
What are the prime factors of 717502890?
2, 3, 5, 13, 19, 37, 2617
List the prime factors of 298609929.
3, 41, 107, 2521
List the prime factors of 140383085.
5, 941, 29837
What are the prime factors of 1080901539?
3, 120100171
What are the prime factors of 1324940396?
2, 13, 150767
List the prime factors of 424135616.
2, 6627119
List the prime factors of 1205357232.
2, 3, 25111609
What are the prime factors of 1324627?
1324627
List the prime factors of 159136068.
2, 3, 7, 13, 61, 2389
List the prime factors of 155616699.
3, 7, 43, 3517
What are the prime factors of 2569876940?
2, 5, 23, 43, 173, 751
What are the prime factors of 61090303?
1697, 35999
What are the prime factors of 493630749?
3, 263, 347, 601
List the prime factors of 6771396.
2, 3, 41, 13763
What are the prime factors of 1490272287?
3, 7, 47, 523, 2887
List the prime factors of 3230670.
2, 3, 5, 113, 953
List the prime factors of 1436813578.
2, 8363, 85903
List the prime factors of 227095440.
2, 3, 5, 11, 13, 509
What are the prime factors of 236969152?
2, 7, 547, 967
List the prime factors of 35266771.
4217, 8363
What are the prime factors of 479986823?
17, 113, 249863
What are the prime factors of 2816968154?
2, 7, 11, 13, 201011
What are the prime factors of 24081595?
5, 263, 18313
List the prime factors of 1080097415.
5, 61, 73, 139, 349
What are the prime factors of 427103438?
2, 173, 379, 3257
What are the prime factors of 18501898?
2, 9250949
What are the prime factors of 28963243?
71, 503, 811
List the prime factors of 2089014723.
3, 17, 61, 223831
What are the prime factors of 1393859934?
2, 3, 2467, 10463
List the prime factors of 31419114.
2, 3, 67, 78157
List the prime factors of 125473625.
5, 19, 23, 2297
What are the prime factors of 5597822906?
2, 13, 41, 5251241
List the prime factors of 99808321.
71, 1405751
List the prime factors of 760750536.
2, 3, 7, 13, 131, 2659
What are the prime factors of 49690335?
3, 5, 3312689
List the prime factors of 459598492.
2, 89, 1291007
What are the prime factors of 31900599?
3, 577, 6143
List the prime factors of 51490577.
51490577
What are the prime factors of 4055322?
2, 3, 19, 35573
Lis